{"id":420,"date":"2018-11-27T08:40:23","date_gmt":"2018-11-27T08:40:23","guid":{"rendered":"http:\/\/www.mdkchelm.pl\/?page_id=420"},"modified":"2025-09-01T10:41:19","modified_gmt":"2025-09-01T10:41:19","slug":"rekrutacja","status":"publish","type":"page","link":"https:\/\/www.mdkchelm.pl\/?page_id=420","title":{"rendered":"REKRUTACJA &#8211; INFORMACJE"},"content":{"rendered":"<p><em>Szanowni Pa\u0144stwo !<\/em><br><em>Na podstawie obowi\u0105zuj\u0105cych przepis\u00f3w art. 144 i art. 131 ustawy z dnia 14 grudnia 2016 r. Prawo o\u015bwiatowe (t. j. Dz. U. z 2023 r. poz. 900 ze zm.) dotycz\u0105cych post\u0119powania rekrutacyjnego na zaj\u0119cia rozwijaj\u0105ce zainteresowania lub rozwijaj\u0105ce uzdolnienia organizowane w M\u0142odzie\u017cowym Domu Kultury w Che\u0142mie przekazuj\u0119 informacj\u0119 na temat zasad rekrutacji w roku szkolnym 2025\/2026.<\/em><\/p>\n<p><em>&nbsp; &nbsp; &nbsp; &nbsp; &nbsp; &nbsp; &nbsp; &nbsp; &nbsp; &nbsp; &nbsp; &nbsp; &nbsp; &nbsp; &nbsp; &nbsp; &nbsp; &nbsp; &nbsp; &nbsp; &nbsp; &nbsp; &nbsp; &nbsp; &nbsp; &nbsp; &nbsp; &nbsp; &nbsp; &nbsp; &nbsp; &nbsp; &nbsp; &nbsp; &nbsp; &nbsp; &nbsp; &nbsp; &nbsp; &nbsp; &nbsp; &nbsp; &nbsp; &nbsp; &nbsp; &nbsp; &nbsp; &nbsp; &nbsp; &nbsp; &nbsp; &nbsp; &nbsp; &nbsp; &nbsp; &nbsp; &nbsp; &nbsp; &nbsp; &nbsp;Jacek Gumienny<\/em><\/p>\n<p><em>&nbsp; &nbsp; &nbsp; &nbsp; &nbsp; &nbsp; &nbsp; &nbsp; &nbsp; &nbsp; &nbsp; &nbsp; &nbsp; &nbsp; &nbsp; &nbsp; &nbsp; &nbsp; &nbsp; &nbsp; &nbsp; &nbsp; &nbsp; &nbsp; &nbsp; &nbsp; &nbsp; &nbsp; &nbsp; &nbsp; &nbsp; &nbsp; &nbsp; &nbsp; &nbsp; &nbsp; &nbsp; &nbsp; &nbsp; &nbsp; &nbsp; &nbsp; &nbsp; &nbsp; &nbsp; &nbsp; &nbsp; &nbsp; &nbsp; &nbsp; &nbsp; &nbsp; &nbsp; &nbsp; &nbsp; &nbsp; &nbsp; &nbsp; &nbsp; &nbsp;Dyrektor<\/em><\/p>\n<p><em>&nbsp; &nbsp; &nbsp; &nbsp; &nbsp; &nbsp; &nbsp; &nbsp; &nbsp; &nbsp; &nbsp; &nbsp; &nbsp; &nbsp; &nbsp; &nbsp; &nbsp; &nbsp; &nbsp; &nbsp; &nbsp; &nbsp; &nbsp; &nbsp; &nbsp; &nbsp; &nbsp; &nbsp; &nbsp; &nbsp; &nbsp; &nbsp; &nbsp; &nbsp; &nbsp; &nbsp; &nbsp; &nbsp; &nbsp; &nbsp; &nbsp; &nbsp; &nbsp; &nbsp; &nbsp; &nbsp; &nbsp; &nbsp; &nbsp; &nbsp; &nbsp; &nbsp; &nbsp; &nbsp; &nbsp; &nbsp; &nbsp; &nbsp; &nbsp; &nbsp;M\u0142odzie\u017cowego Domu Kultury w Che\u0142mie<\/em><\/p>\n<p><strong>ZASADY NABORU UCZESTNIK\u00d3W ZAJ\u0118\u0106 MDK W CHE\u0141MIE W ROKU SZKOLNYM 2025\/2026<\/strong><\/p>\n<p>1. Nab\u00f3r uczestnik\u00f3w jest prowadzony na wolne miejsca k\u00f3\u0142 zainteresowa\u0144 MDK. Ich ilo\u015b\u0107 stanowi r\u00f3\u017cnica pomi\u0119dzy ustalonymi z organem prowadz\u0105cym normami uczestnik\u00f3w poszczeg\u00f3lnych k\u00f3\u0142 zainteresowa\u0144, a zebranymi w plac\u00f3wce deklaracjami dotychczasowych uczestnik\u00f3w o kontynuacji uczestnictwa w kolejnym roku szkolnym.<\/p>\n<p>2. Na zaj\u0119cia rozwijaj\u0105ce zainteresowania lub rozwijaj\u0105ce uzdolnienia organizowane w publicznej plac\u00f3wce o\u015bwiatowo-wychowawczej przyjmuje si\u0119 kandydat\u00f3w zamieszka\u0142ych na obszarze miasta Che\u0142m.<\/p>\n<p>3. Dla kandydat\u00f3w ubiegaj\u0105cych si\u0119 o przyj\u0119cie na zaj\u0119cia rozwijaj\u0105ce uzdolnienia dyrektor plac\u00f3wki, o kt\u00f3rej mowa w punkt 2, mo\u017ce zorganizowa\u0107 przeprowadzenie badania uzdolnie\u0144 kierunkowych na warunkach ustalonych przez rad\u0119 pedagogiczn\u0105. W takim przypadku na zaj\u0119cia przyjmuje si\u0119 kandydat\u00f3w, kt\u00f3rzy uzyskali pozytywny wynik badania uzdolnie\u0144 kierunkowych.<\/p>\n<p>4. W przypadku wi\u0119kszej liczby kandydat\u00f3w spe\u0142niaj\u0105cych warunki punkt\u00f3w 2 i 3 ni\u017c liczba wolnych miejsc na zaj\u0119cia, o kt\u00f3rych mowa w punkt 2, organizowane w plac\u00f3wce, o kt\u00f3rej mowa w&nbsp;punkt 2 , na pierwszym etapie post\u0119powania rekrutacyjnego s\u0105 brane pod uwag\u0119 \u0142\u0105cznie kryteria, o&nbsp;kt\u00f3rych mowa w art. 131 ust. 2. Przepis art. 131 ust. 3 stosuj\u0119 si\u0119 i brane s\u0105 pod uwag\u0119 \u0142\u0105cznie nast\u0119puj\u0105ce kryteria (maj\u0105 jednakow\u0105 warto\u015b\u0107 5 pkt. za ka\u017cde) stanowi\u0105c I etap rekrutacji:<\/p>\n<p>a) wielodzietno\u015b\u0107 rodziny kandydata<\/p>\n<p>b) niepe\u0142nosprawno\u015b\u0107 kandydata<\/p>\n<p>c) niepe\u0142nosprawno\u015b\u0107 jednego z rodzic\u00f3w kandydata<\/p>\n<p>d) niepe\u0142nosprawno\u015b\u0107 obojga rodzic\u00f3w kandydata<\/p>\n<p>e) niepe\u0142nosprawno\u015b\u0107 rodze\u0144stwa kandydata<\/p>\n<p>f) samotne wychowywanie kandydata w rodzinie<\/p>\n<p>g) obj\u0119cie kandydata piecz\u0105 zast\u0119pcz\u0105<\/p>\n<p>5. Kandydaci po I etapie rekrutacji s\u0105 przyjmowani na zaj\u0119cia zgodnie z uzyskan\u0105 \u0142\u0105czn\u0105 ilo\u015bci\u0105 punkt\u00f3w, od najwy\u017cszej do wyczerpania wolnych miejsc.<\/p>\n<p>6. W przypadku r\u00f3wnorz\u0119dnych wynik\u00f3w uzyskanych na pierwszym etapie post\u0119powania rekrutacyjnego, na drugim etapie post\u0119powania rekrutacyjnego s\u0105 brane pod uwag\u0119 kryteria okre\u015blone przez organ prowadz\u0105cy, z uwzgl\u0119dnieniem zapewnienia jak najpe\u0142niejszej realizacji potrzeb dziecka i jego rodziny oraz lokalnych potrzeb spo\u0142ecznych, oraz mo\u017ce by\u0107 brane pod uwag\u0119 kryterium dochodu na osob\u0119 w rodzinie kandydata, o kt\u00f3rym mowa w art. 131 ust. 5. Organ prowadz\u0105cy okre\u015bla dokumenty niezb\u0119dne do potwierdzenia tych kryteri\u00f3w, z tym \u017ce spe\u0142nienie kryterium dochodu na osob\u0119 w rodzinie kandydata potwierdza si\u0119 o\u015bwiadczeniem. Przepisy art. 131 ust. 6, 9 i 10 stosuje si\u0119. Na podstawie og\u0142oszenia Prezydenta Miasta Che\u0142m z dnia 11 stycznia 2024 (DO-E.4450. 1 .2024) w sprawie kryteri\u00f3w, okre\u015blonych w Uchwale Nr XXV\/283\/17 Rady Miasta Che\u0142m z dnia 28 lutego 2017 r. oraz dokument\u00f3w niezb\u0119dnych do potwierdzenia tych kryteri\u00f3w na rok szkolny 2025\/2026 do publicznych przedszkoli oraz klas pierwszych publicznych szk\u00f3\u0142 podstawowych, dla kt\u00f3rych organem prowadz\u0105cym jest Miasto Che\u0142m:<\/p>\n<table border=\"1\" width=\"100%\" cellspacing=\"0\" cellpadding=\"4\">\n<tbody>\n<tr valign=\"TOP\">\n<td width=\"6%\">Lp.<\/td>\n<td width=\"44%\">Nazwa kryterium<\/td>\n<td width=\"25%\">Okre\u015blenie dokumentu potwierdzaj\u0105cego dane kryterium<\/td>\n<td width=\"25%\">Liczba punkt\u00f3w w ramach danego kryterium<\/td>\n<\/tr>\n<tr valign=\"TOP\">\n<td width=\"6%\">1.<\/td>\n<td width=\"44%\">Kandydat zamieszkuj\u0105cy na terenie Miasta Che\u0142m<\/td>\n<td width=\"25%\">O\u015bwiadczenie o miejscu zamieszkania kandydata zawarte we wniosku<\/td>\n<td width=\"25%\">30 punkt\u00f3w<\/td>\n<\/tr>\n<tr valign=\"TOP\">\n<td width=\"6%\">2.<\/td>\n<td width=\"44%\">Kandydat posiadaj\u0105cy orzeczenie o potrzebie kszta\u0142cenia specjalnego<\/td>\n<td width=\"25%\">Kserokopia orzeczenia kandydata o potrzebie kszta\u0142cenia specjalnego<\/td>\n<td width=\"25%\">23 punkty<\/td>\n<\/tr>\n<tr valign=\"TOP\">\n<td width=\"6%\">3.<\/td>\n<td width=\"44%\">Kandydat zamieszkuj\u0105cy poza terenem Miasta Che\u0142m<\/td>\n<td width=\"25%\">O\u015bwiadczenie o miejscu zamieszkania kandydata zawarte we wniosku<\/td>\n<td width=\"25%\">18 punkt\u00f3w<\/td>\n<\/tr>\n<tr valign=\"TOP\">\n<td width=\"6%\">4.<\/td>\n<td width=\"44%\">Kandydat z rodziny wielodzietnej<\/td>\n<td width=\"25%\">O\u015bwiadczenie od ka\u017cdego z rodzic\u00f3w\/opiekun\u00f3w prawnych kandydata zgodnie z za\u0142\u0105cznikiem do niniejszej uchwa\u0142y<\/td>\n<td width=\"25%\">12 punkt\u00f3w<\/td>\n<\/tr>\n<tr valign=\"TOP\">\n<td width=\"6%\">5.<\/td>\n<td width=\"44%\">Kandydat, kt\u00f3rego rodze\u0144stwo ucz\u0119szcza do MDK<\/td>\n<td width=\"25%\">O\u015bwiadczenie od ka\u017cdego z rodzic\u00f3w\/opiekun\u00f3w prawnych kandydata zgodnie z za\u0142\u0105cznikiem do niniejszej uchwa\u0142y<\/td>\n<td width=\"25%\">10 punkt\u00f3w<\/td>\n<\/tr>\n<tr valign=\"TOP\">\n<td width=\"6%\">6.<\/td>\n<td width=\"44%\">Samotne wychowywanie kandydata przez rodzica\/opiekuna prawnego<\/td>\n<td width=\"25%\">O\u015bwiadczenie od ka\u017cdego z rodzic\u00f3w\/opiekun\u00f3w prawnych kandydata zgodnie z za\u0142\u0105cznikiem do niniejszej uchwa\u0142y<\/td>\n<td width=\"25%\">7 punkt\u00f3w<\/td>\n<\/tr>\n<\/tbody>\n<\/table>\n<p>7. Kandydaci zamieszkali poza obszarem miasta Che\u0142m mog\u0105 by\u0107 przyj\u0119ci na zaj\u0119cia, o kt\u00f3rych mowa w punkt 2, organizowane w plac\u00f3wce, o kt\u00f3rej mowa w punkt 2, na terenie miasta Che\u0142m, je\u017celi po przeprowadzeniu post\u0119powania rekrutacyjnego zgodnie z punktem 2\u20136 miasto Che\u0142m nadal dysponuje wolnymi miejscami na te zaj\u0119cia organizowane w MDK w Che\u0142mie. Przepisy punkt 3\u20136 stosuje si\u0119 odpowiednio.<\/p>\n<p>8. Post\u0119powanie rekrutacyjne na wolne miejsca jest prowadzone na wniosek rodzica kandydata lub na wniosek kandydata pe\u0142noletniego z\u0142o\u017cony do dyrektora plac\u00f3wki.<\/p>\n<p>9. O\u015bwiadczenia, o kt\u00f3rych mowa w punkcie 6 sk\u0142ada si\u0119 pod rygorem odpowiedzialno\u015bci karnej za sk\u0142adanie fa\u0142szywych zezna\u0144. Sk\u0142adaj\u0105cy o\u015bwiadczenie jest obowi\u0105zany do zawarcia w nim klauzuli nast\u0119puj\u0105cej tre\u015bci: \u201ejestem \u015bwiadomy odpowiedzialno\u015bci karnej za z\u0142o\u017cenie fa\u0142szywego o\u015bwiadczenia\u201d. Klauzula ta zast\u0119puje pouczenie organu o odpowiedzialno\u015bci karnej za sk\u0142adanie fa\u0142szywych zezna\u0144.<\/p>\n<p>10. Rekrutacj\u0119 przeprowadza Komisja Rekrutacyjna powo\u0142ana przez dyrektora plac\u00f3wki. Prace komisji reguluje ustalony przez dyrektora harmonogram rekrutacji&nbsp;<a href=\"https:\/\/www.mdkchelm.pl\/wp-content\/uploads\/2025\/05\/rekrutacja-harmonogram-bez-uzdolnien-2025-26.pdf\">HARMONOGRAM REKRUTACJI<\/a><\/p>\n<p>11. Wyniki rekrutacji w postaci list os\u00f3b zakwalifikowanych i niezakwalifikowanych na zaj\u0119cia w&nbsp;MDK oraz list os\u00f3b przyj\u0119tych oraz os\u00f3b nieprzyj\u0119tych na zaj\u0119cia MDK podaje si\u0119 do publicznej wiadomo\u015bci poprzez wywieszenie na terenie plac\u00f3wki. Listy te zawieraj\u0105 adnotacj\u0119 o terminie jej podania do publicznej wiadomo\u015bci.<\/p>\n<p>12. W terminie 3 dni od podania do publicznej wiadomo\u015bci wynik\u00f3w rekrutacji, rodzicom kandydat\u00f3w lub pe\u0142noletnim kandydatom przys\u0142uguje prawo do wyst\u0105pienia do komisji rekrutacyjnej z wnioskiem o uzasadnienie odmowy przyj\u0119cia kandydata.<\/p>\n<p>13. Uzasadnienie sporz\u0105dza si\u0119 w terminie 3 dni od dnia wyst\u0105pienia rodzica kandydata lub pe\u0142noletniego kandydata.<\/p>\n<p>14. Rodzic kandydata lub kandydat pe\u0142noletni mo\u017ce wnie\u015b\u0107 do dyrektora odwo\u0142anie od rozstrzygni\u0119cia komisji rekrutacyjnej w terminie 3 dni od dnia otrzymania uzasadnienia.<\/p>\n<p>15. Dyrektor rozpatruje odwo\u0142anie od rozstrzygni\u0119cia komisji rekrutacyjnej w terminie 3 dni od otrzymania odwo\u0142ania. Na rozstrzygni\u0119cie dyrektora s\u0142u\u017cy skarga do s\u0105du administracyjnego.<\/p>\n<p>16. Je\u017celi po przeprowadzeniu post\u0119powania rekrutacyjnego plac\u00f3wka dysponuje wolnymi miejscami, przeprowadza si\u0119 post\u0119powanie uzupe\u0142niaj\u0105ce. Do post\u0119powania uzupe\u0142niaj\u0105cego niniejsze procedury rekrutacji stosuje si\u0119 odpowiednio.<\/p>\n<p>17. Dane osobowe kandydat\u00f3w zgromadzone w celach post\u0119powania rekrutacyjnego oraz dokumentacja post\u0119powania rekrutacyjnego s\u0105 przechowywane nie d\u0142u\u017cej ni\u017c do ko\u0144ca okresu, w&nbsp;kt\u00f3rym wychowanek ucz\u0119szcza na zaj\u0119cia w M\u0142odzie\u017cowym Domu Kultury.<\/p>\n<p>18. Dane osobowe kandydat\u00f3w nieprzyj\u0119tych zgromadzone w celach post\u0119powania rekrutacyjnego s\u0105 przechowywane przez okres roku, chyba \u017ce na rozstrzygni\u0119cie dyrektora plac\u00f3wki zosta\u0142a wniesiona skarga do sadu administracyjnego i post\u0119powanie nie zosta\u0142o zako\u0144czone.<\/p>\n<hr>\n<p><a href=\"https:\/\/www.mdkchelm.pl\/?page_id=77679\"><strong>WOLNE MIEJSCA<\/strong><\/a><\/p>\n<hr>\n<h3>DOKUMENTY:<\/h3>\n<p><strong>HARMONOGRAM REKRUTACJI:<\/strong><\/p>\n<p><a href=\"https:\/\/www.mdkchelm.pl\/wp-content\/uploads\/2025\/05\/rekrutacja-harmonogram-bez-uzdolnien-2025-26.pdf\">HARMONOGRAM<\/a><\/p>\n<p><strong>KONTYNUACJA:<\/strong><\/p>\n<p><a href=\"https:\/\/www.mdkchelm.pl\/wp-content\/uploads\/2025\/05\/NR_-1-Deklaracja-kontynuacji.pdf\">KONTYNUACJA DRUK-PDF<\/a><\/p>\n<p><a href=\"https:\/\/www.mdkchelm.pl\/wp-content\/uploads\/2025\/05\/ZGODA.pdf\">KONTYNUACJA ZGODA-PDF<\/a><\/p>\n<p><a href=\"https:\/\/www.mdkchelm.pl\/wp-content\/uploads\/2025\/05\/NR_-1-Deklaracja-kontynuacji.doc\">KONTYNUACJA DRUK-EDYTOWALNY<\/a><\/p>\n<p><a href=\"https:\/\/www.mdkchelm.pl\/wp-content\/uploads\/2025\/05\/ZGODA.odt\">KONTYNUACJA ZGODA-EDYTOWALNY<\/a><\/p>\n<p><strong>POST\u0118POWANIE REKRUTACYJNE:<\/strong><\/p>\n<p><a href=\"https:\/\/www.mdkchelm.pl\/wp-content\/uploads\/2025\/05\/NR_2-Karta-zgloszenia-na-zajecia.pdf\">KARTA ZG\u0141OSZENIA-PDF<\/a><\/p>\n<p><a href=\"http:\/\/www.mdkchelm.pl\/wp-content\/uploads\/2024\/05\/Oswiadczenie.pdf\" target=\"_blank\" rel=\"noopener\">O\u015aWIADCZENIE-PDF<\/a><\/p>\n<p><a href=\"https:\/\/www.mdkchelm.pl\/wp-content\/uploads\/2025\/05\/NR_2-Karta-zgloszenia-na-zajecia.odt\">KARTA ZG\u0141OSZENIA-EDYTOWALNY<\/a><\/p>\n<p><a href=\"http:\/\/www.mdkchelm.pl\/wp-content\/uploads\/2024\/05\/Oswiadczenie.odt\" target=\"_blank\" rel=\"noopener\">O\u015aWIADCZENIE-EDYTOWALNY<\/a><\/p>\n<p><strong>POST\u0118POWANIE UZUPE\u0141NIAJ\u0104CE:<\/strong><\/p>\n<p><a href=\"https:\/\/www.mdkchelm.pl\/wp-content\/uploads\/2025\/05\/NR_2-Karta-zgloszenia-na-zajecia.pdf\">KARTA ZG\u0141OSZENIA-PDF<\/a><\/p>\n<p><a href=\"http:\/\/www.mdkchelm.pl\/wp-content\/uploads\/2024\/05\/Oswiadczenie.pdf\" target=\"_blank\" rel=\"noopener\">O\u015aWIADCZENIE-PDF<\/a><\/p>\n<p><a href=\"https:\/\/www.mdkchelm.pl\/wp-content\/uploads\/2025\/05\/NR_2-Karta-zgloszenia-na-zajecia.odt\">KARTA ZG\u0141OSZENIA-EDYTOWALNY<\/a><\/p>\n<p><a href=\"http:\/\/www.mdkchelm.pl\/wp-content\/uploads\/2024\/05\/Oswiadczenie.odt\" target=\"_blank\" rel=\"noopener\">O\u015aWIADCZENIE-EDYTOWALNY<\/a><\/p>\n<p><strong>DOKUMENTY DODATKOWE:<\/strong><\/p>\n<p>(WYPE\u0141NIAMY DOPIERO PO PRZYJ\u0118CIU KANDYDATA)<\/p>\n<p><a href=\"https:\/\/www.mdkchelm.pl\/wp-content\/uploads\/2025\/05\/ZGODA.pdf\">ZGODA-PDF<\/a><\/p>\n<p><a href=\"https:\/\/www.mdkchelm.pl\/wp-content\/uploads\/2025\/05\/ZGODA.odt\">ZGODA-EDYTOWALNY<\/a><\/p>\n\n\n<p><\/p>\n","protected":false},"excerpt":{"rendered":"<p>Szanowni Pa\u0144stwo !Na podstawie obowi\u0105zuj\u0105cych przepis\u00f3w art. 144 i art. 131 ustawy z dnia 14 grudnia 2016 r. Prawo o\u015bwiatowe (t. j. Dz. U. z 2023 r. poz. 900 ze zm.) dotycz\u0105cych post\u0119powania rekrutacyjnego&#46;&#46;&#46;<\/p>\n","protected":false},"author":1,"featured_media":0,"parent":0,"menu_order":0,"comment_status":"closed","ping_status":"closed","template":"","meta":{"ngg_post_thumbnail":0,"footnotes":""},"_links":{"self":[{"href":"https:\/\/www.mdkchelm.pl\/index.php?rest_route=\/wp\/v2\/pages\/420"}],"collection":[{"href":"https:\/\/www.mdkchelm.pl\/index.php?rest_route=\/wp\/v2\/pages"}],"about":[{"href":"https:\/\/www.mdkchelm.pl\/index.php?rest_route=\/wp\/v2\/types\/page"}],"author":[{"embeddable":true,"href":"https:\/\/www.mdkchelm.pl\/index.php?rest_route=\/wp\/v2\/users\/1"}],"replies":[{"embeddable":true,"href":"https:\/\/www.mdkchelm.pl\/index.php?rest_route=%2Fwp%2Fv2%2Fcomments&post=420"}],"version-history":[{"count":89,"href":"https:\/\/www.mdkchelm.pl\/index.php?rest_route=\/wp\/v2\/pages\/420\/revisions"}],"predecessor-version":[{"id":78310,"href":"https:\/\/www.mdkchelm.pl\/index.php?rest_route=\/wp\/v2\/pages\/420\/revisions\/78310"}],"wp:attachment":[{"href":"https:\/\/www.mdkchelm.pl\/index.php?rest_route=%2Fwp%2Fv2%2Fmedia&parent=420"}],"curies":[{"name":"wp","href":"https:\/\/api.w.org\/{rel}","templated":true}]}}